{"id":200,"date":"2025-11-27T12:26:15","date_gmt":"2025-11-27T11:26:15","guid":{"rendered":"https:\/\/test.articaelectrodomesticos.com\/?page_id=200"},"modified":"2025-12-26T14:42:52","modified_gmt":"2025-12-26T13:42:52","slug":"servicio","status":"publish","type":"page","link":"https:\/\/www.articaelectrodomesticos.com\/index.php\/servicio\/","title":{"rendered":"Servicio"},"content":{"rendered":"\t\t<div data-elementor-type=\"wp-page\" data-elementor-id=\"200\" class=\"elementor elementor-200\" data-elementor-post-type=\"page\">\n\t\t\t\t<div class=\"elementor-element elementor-element-44a21ec4 e-con-full elementor-hidden-tablet elementor-hidden-mobile e-flex e-con e-parent\" data-id=\"44a21ec4\" data-element_type=\"container\" data-settings=\"{&quot;background_background&quot;:&quot;classic&quot;}\">\n\t\t<div class=\"elementor-element elementor-element-31118369 e-con-full e-flex e-con e-child\" data-id=\"31118369\" data-element_type=\"container\">\n\t\t\t\t<div class=\"elementor-element elementor-element-59ffe61d elementor-widget elementor-widget-heading\" data-id=\"59ffe61d\" data-element_type=\"widget\" data-widget_type=\"heading.default\">\n\t\t\t\t\t<h1 class=\"elementor-heading-title elementor-size-default\">Servicio\n\n<\/h1>\t\t\t\t<\/div>\n\t\t\t\t<div class=\"elementor-element elementor-element-2f5df06b elementor-widget elementor-widget-heading\" data-id=\"2f5df06b\" data-element_type=\"widget\" data-widget_type=\"heading.default\">\n\t\t\t\t\t<h2 class=\"elementor-heading-title elementor-size-default\">Te ayudamos<\/h2>\t\t\t\t<\/div>\n\t\t\t\t<\/div>\n\t\t<div class=\"elementor-element elementor-element-56cc50b2 e-con-full e-flex e-con e-child\" data-id=\"56cc50b2\" data-element_type=\"container\">\n\t\t\t\t<div class=\"elementor-element elementor-element-5bb7157 elementor-widget elementor-widget-text-editor\" data-id=\"5bb7157\" data-element_type=\"widget\" data-widget_type=\"text-editor.default\">\n\t\t\t\t\t\t\t\t\tBienvenido al Servicio de Atenci\u00f3n al Cliente de Artica, el lugar donde encontrar\u00e1s todas las respuestas a tus preguntas, para que puedas obtener los resultados m\u00e1s eficientes de tus productos todos los d\u00edas.\n\n\t\t\t\t\t\t\t\t<\/div>\n\t\t\t\t<\/div>\n\t\t\t\t<\/div>\n\t\t<div class=\"elementor-element elementor-element-fa4b5b9 e-con-full elementor-hidden-mobile elementor-hidden-desktop e-flex e-con e-parent\" data-id=\"fa4b5b9\" data-element_type=\"container\" data-settings=\"{&quot;background_background&quot;:&quot;classic&quot;}\">\n\t\t<div class=\"elementor-element elementor-element-b61b3ad e-con-full e-flex e-con e-child\" data-id=\"b61b3ad\" data-element_type=\"container\">\n\t\t\t\t<div class=\"elementor-element elementor-element-ec6e874 elementor-widget elementor-widget-heading\" data-id=\"ec6e874\" data-element_type=\"widget\" data-widget_type=\"heading.default\">\n\t\t\t\t\t<h1 class=\"elementor-heading-title elementor-size-default\">Servicio\n\n<\/h1>\t\t\t\t<\/div>\n\t\t\t\t<div class=\"elementor-element elementor-element-e487f97 elementor-widget elementor-widget-heading\" data-id=\"e487f97\" data-element_type=\"widget\" data-widget_type=\"heading.default\">\n\t\t\t\t\t<h2 class=\"elementor-heading-title elementor-size-default\">Te ayudamos<\/h2>\t\t\t\t<\/div>\n\t\t\t\t<\/div>\n\t\t<div class=\"elementor-element elementor-element-523530b e-con-full e-flex e-con e-child\" data-id=\"523530b\" data-element_type=\"container\">\n\t\t\t\t<div class=\"elementor-element elementor-element-daf1b6d elementor-widget elementor-widget-text-editor\" data-id=\"daf1b6d\" data-element_type=\"widget\" data-widget_type=\"text-editor.default\">\n\t\t\t\t\t\t\t\t\t<p>Bienvenido al Servicio de Atenci\u00f3n al Cliente de Artica, el lugar donde encontrar\u00e1s todas las respuestas a tus preguntas, para que puedas obtener los resultados m\u00e1s eficientes de tus productos todos los d\u00edas.<\/p>\t\t\t\t\t\t\t\t<\/div>\n\t\t\t\t<\/div>\n\t\t\t\t<\/div>\n\t\t<div class=\"elementor-element elementor-element-8018430 e-con-full elementor-hidden-tablet elementor-hidden-desktop e-flex e-con e-parent\" data-id=\"8018430\" data-element_type=\"container\" data-settings=\"{&quot;background_background&quot;:&quot;classic&quot;}\">\n\t\t<div class=\"elementor-element elementor-element-73badf2 e-con-full e-flex e-con e-child\" data-id=\"73badf2\" data-element_type=\"container\">\n\t\t\t\t<div class=\"elementor-element elementor-element-990c2ad elementor-widget elementor-widget-heading\" data-id=\"990c2ad\" data-element_type=\"widget\" data-widget_type=\"heading.default\">\n\t\t\t\t\t<h1 class=\"elementor-heading-title elementor-size-default\">Servicio\n\n<\/h1>\t\t\t\t<\/div>\n\t\t\t\t<div class=\"elementor-element elementor-element-48717b4 elementor-widget elementor-widget-heading\" data-id=\"48717b4\" data-element_type=\"widget\" data-widget_type=\"heading.default\">\n\t\t\t\t\t<h2 class=\"elementor-heading-title elementor-size-default\">Te ayudamos<\/h2>\t\t\t\t<\/div>\n\t\t\t\t<\/div>\n\t\t<div class=\"elementor-element elementor-element-0b332db e-con-full e-flex e-con e-child\" data-id=\"0b332db\" data-element_type=\"container\">\n\t\t\t\t<div class=\"elementor-element elementor-element-cc87691 elementor-widget elementor-widget-text-editor\" data-id=\"cc87691\" data-element_type=\"widget\" data-widget_type=\"text-editor.default\">\n\t\t\t\t\t\t\t\t\t<p>Bienvenido al Servicio de Atenci\u00f3n al Cliente de Artica, el lugar donde encontrar\u00e1s todas las respuestas a tus preguntas, para que puedas obtener los resultados m\u00e1s eficientes de tus productos todos los d\u00edas.<\/p>\t\t\t\t\t\t\t\t<\/div>\n\t\t\t\t<\/div>\n\t\t\t\t<\/div>\n\t\t<div class=\"elementor-element elementor-element-1dc257f e-flex e-con-boxed e-con e-parent\" data-id=\"1dc257f\" data-element_type=\"container\">\n\t\t\t\t\t<div class=\"e-con-inner\">\n\t\t\t\t<div class=\"elementor-element elementor-element-19e5777 elementor-widget elementor-widget-html\" data-id=\"19e5777\" data-element_type=\"widget\" data-widget_type=\"html.default\">\n\t\t\t\t\t<script src=\"https:\/\/js-eu1.hsforms.net\/forms\/embed\/145694952.js\" defer><\/script>\r\n<div class=\"hs-form-frame\" data-region=\"eu1\" data-form-id=\"501059b6-085b-46f0-aa4f-957bc8d0ef61\" data-portal-id=\"145694952\"><\/div>\t\t\t\t<\/div>\n\t\t\t\t\t<\/div>\n\t\t\t\t<\/div>\n\t\t<div class=\"elementor-element elementor-element-6714815 e-flex e-con-boxed e-con e-parent\" data-id=\"6714815\" data-element_type=\"container\">\n\t\t\t\t\t<div class=\"e-con-inner\">\n\t\t<div class=\"elementor-element elementor-element-4968427 e-con-full e-flex e-con e-child\" data-id=\"4968427\" data-element_type=\"container\">\n\t\t\t\t<\/div>\n\t\t<div class=\"elementor-element elementor-element-ad04ab0 e-con-full e-flex e-con e-child\" data-id=\"ad04ab0\" data-element_type=\"container\">\n\t\t\t\t<\/div>\n\t\t\t\t\t<\/div>\n\t\t\t\t<\/div>\n\t\t\t\t<\/div>\n\t\t","protected":false},"excerpt":{"rendered":"<p>Servicio Te ayudamos Bienvenido al Servicio de Atenci\u00f3n al Cliente de Artica, el lugar donde encontrar\u00e1s todas las respuestas a [&hellip;]<\/p>\n","protected":false},"author":1,"featured_media":0,"parent":0,"menu_order":0,"comment_status":"open","ping_status":"closed","template":"","meta":{"site-sidebar-layout":"no-sidebar","site-content-layout":"","ast-site-content-layout":"full-width-container","site-content-style":"default","site-sidebar-style":"default","ast-global-header-display":"","ast-banner-title-visibility":"","ast-main-header-display":"","ast-hfb-above-header-display":"","ast-hfb-below-header-display":"","ast-hfb-mobile-header-display":"","site-post-title":"disabled","ast-breadcrumbs-content":"","ast-featured-img":"disabled","footer-sml-layout":"","theme-transparent-header-meta":"","adv-header-id-meta":"","stick-header-meta":"","header-above-stick-meta":"","header-main-stick-meta":"","header-below-stick-meta":"","astra-migrate-meta-layouts":"default","ast-page-background-enabled":"default","ast-page-background-meta":{"desktop":{"background-color":"var(--ast-global-color-5)","background-image":"","background-repeat":"repeat","background-position":"center center","background-size":"auto","background-attachment":"scroll","background-type":"","background-media":"","overlay-type":"","overlay-color":"","overlay-opacity":"","overlay-gradient":""},"tablet":{"background-color":"","background-image":"","background-repeat":"repeat","background-position":"center center","background-size":"auto","background-attachment":"scroll","background-type":"","background-media":"","overlay-type":"","overlay-color":"","overlay-opacity":"","overlay-gradient":""},"mobile":{"background-color":"","background-image":"","background-repeat":"repeat","background-position":"center center","background-size":"auto","background-attachment":"scroll","background-type":"","background-media":"","overlay-type":"","overlay-color":"","overlay-opacity":"","overlay-gradient":""}},"ast-content-background-meta":{"desktop":{"background-color":"var(--ast-global-color-4)","background-image":"","background-repeat":"repeat","background-position":"center center","background-size":"auto","background-attachment":"scroll","background-type":"","background-media":"","overlay-type":"","overlay-color":"","overlay-opacity":"","overlay-gradient":""},"tablet":{"background-color":"var(--ast-global-color-4)","background-image":"","background-repeat":"repeat","background-position":"center center","background-size":"auto","background-attachment":"scroll","background-type":"","background-media":"","overlay-type":"","overlay-color":"","overlay-opacity":"","overlay-gradient":""},"mobile":{"background-color":"var(--ast-global-color-4)","background-image":"","background-repeat":"repeat","background-position":"center center","background-size":"auto","background-attachment":"scroll","background-type":"","background-media":"","overlay-type":"","overlay-color":"","overlay-opacity":"","overlay-gradient":""}},"footnotes":""},"class_list":["post-200","page","type-page","status-publish","hentry"],"_links":{"self":[{"href":"https:\/\/www.articaelectrodomesticos.com\/index.php\/wp-json\/wp\/v2\/pages\/200","targetHints":{"allow":["GET"]}}],"collection":[{"href":"https:\/\/www.articaelectrodomesticos.com\/index.php\/wp-json\/wp\/v2\/pages"}],"about":[{"href":"https:\/\/www.articaelectrodomesticos.com\/index.php\/wp-json\/wp\/v2\/types\/page"}],"author":[{"embeddable":true,"href":"https:\/\/www.articaelectrodomesticos.com\/index.php\/wp-json\/wp\/v2\/users\/1"}],"replies":[{"embeddable":true,"href":"https:\/\/www.articaelectrodomesticos.com\/index.php\/wp-json\/wp\/v2\/comments?post=200"}],"version-history":[{"count":131,"href":"https:\/\/www.articaelectrodomesticos.com\/index.php\/wp-json\/wp\/v2\/pages\/200\/revisions"}],"predecessor-version":[{"id":417,"href":"https:\/\/www.articaelectrodomesticos.com\/index.php\/wp-json\/wp\/v2\/pages\/200\/revisions\/417"}],"wp:attachment":[{"href":"https:\/\/www.articaelectrodomesticos.com\/index.php\/wp-json\/wp\/v2\/media?parent=200"}],"curies":[{"name":"wp","href":"https:\/\/api.w.org\/{rel}","templated":true}]}}